when p(r) is divided by 87?
79
Suppose 0 = -3*s - 4*n + 865 + 753, 9*s - 3*n - 4794 = 0. What is the remainder when s is divided by 188?
158
Suppose -78 + 8 = -5*x. Suppose -27*a - 2644 = -2995. What is the remainder when x is divided by a?
1
Let i = -3041 + 3126. What is the remainder when 849 is divided by i?
84
Let y = -6 + 24. What is the remainder when 16*272/256 - -90 is divided by y?
17
Let m = 29180 + -22541. What is the remainder when m is divided by 166?
165
Let f(r) = r + 1. Let n(t) = t**3 - 11*t**2 - 11*t + 7. Let o be 14 + 9/(36/(-8)). Calculate the remainder when n(o) is divided by f(11).
7
Suppose 2*m - 424 = -2*d, -23*m + d = -21*m - 415. What is the remainder when 495 is divided by m?
77
Suppose -63916 - 10682 = -6*b - 0*b. What is the remainder when b is divided by 15?
13
Let t = 124 + 27. Let n = t - 105. What is the remainder when n is divided by 10?
6
Suppose 0 = -23*b + 27*b - 3*w - 78, 2*w = 5*b - 94. Calculate the remainder when 417 is divided by b.
3
Let z(n) = -n + 33 - 15 - 14. Let i be z(3). Let j(g) = 21*g**2 + g - 1. Calculate the remainder when 125 is divided by j(i).
20
Let v = 11 - 8. Let i = 280 - 271. Suppose 2*g + 2*g + 36 = 3*u, -3*g - i = 0. What is the remainder when u is divided by v?
2
Let h(l) = 31*l - 87. Let u be h(3). Suppose 32 = u*n - 202. Calculate the remainder when 192 is divided by n.
36
Let s(x) = 106*x**3 - 30*x + 30. Calculate the remainder when 2860 is divided by s(1).
104
Suppose 747830 = 95*h - 10*h. What is the remainder when h is divided by 110?
108
Suppose -2*k + 243 = -3*m, -4*m = k - 8*m - 119. Let d(s) = -2*s**2 - 32*s - 12. Calculate the remainder when k is divided by d(-15).
15
Let t(v) = -7*v**3 - 126*v**2 - 10*v - 79. Calculate the remainder when 305 is divided by t(-18).
2
Let n(j) = 4*j + 78. Let p be n(-11). Calculate the remainder when p - ((39 - 35) + (-16)/2) is divided by 5.
3
Let j = -10037 - -10116. What is the remainder when 1652 is divided by j?
72
Let x(c) = c**3 + 12*c**2 + 18*c + 4. Calculate the remainder when 2580 is divided by x(-5).
88
Let r = 133 - -350. Let n = r + -278. Suppose 2*m = -3*m + n. What is the remainder when m is divided by 16?
9
Let k(g) = 9*g - 6. Let i be k(3). Suppose -i - 9 = 5*p. What is the remainder when -3*(-404)/72 - 1/p is divided by 9?
8
Let g = 115 - 109. Let p(i) = 4*i**2 - 13*i. What is the remainder when 189 is divided by p(g)?
57
Let n(p) = 2*p**2 - 31*p + 165. Let j be n(8). Suppose -2*s + 7*s - j = 0. Suppose 0*c = 2*c - 28. What is the remainder when c is divided by s?
5
Suppose -12225 = -5*h - 9930. What is the remainder when h is divided by 29?
24
Suppose 256*t = -93*t + 117237 + 141721. What is the remainder when 748 is divided by t?
6
Suppose -3*i + 10*u + 341 = 11*u, 3*u = -4*i + 463. Calculate the remainder when 657 is divided by i.
97
Let i be (-6)/(-27) - (-5 - 660/(-54)). Calculate the remainder when (-1)/6 + ((-395)/(-30) - i) is divided by 13.
7
Suppose 509 = -3*l + 473. Let b(w) = -w**3 + w**2 - 4*w. Let y be b(3). Calculate the remainder when 53 is divided by y/l*16/5.
5
Suppose -15 = -p - 3*d, 0 = 231*p - 227*p + 3*d - 123. What is the remainder when 115 is divided by p?
7
Let k be ((-21)/2)/(21/(-56)). Suppose k = -r + 40. Suppose 9*c = 15*c - r. What is the remainder when 6 is divided by c?
0
Suppose 8*n - 31 + 15 = 0. Suppose 0 = g + m - 208, 4*g - n*g - 410 = m. Calculate the remainder when g is divided by 42.
38
Let j = 71184 + -29391. Calculate the remainder when j is divided by 243.
240
Let o(g) = 37*g + 229. Let j be o(-7). Let d(l) = -8*l - 217. Calculate the remainder when 73 is divided by d(j).
4
Let p be (-2 - (2 + -4))*1/2. Suppose 0 = -3*r + 4*b - 7 + 39, -2*r + 5*b + 33 = p. Suppose 0 = -n + r - 1. Calculate the remainder when 6 is divided by n.
0
Let j = -593 + 856. Calculate the remainder when j is divided by 34.
25
Let b = -6830 - -6835. Calculate the remainder when 1829 is divided by b.
4
Let q(g) = -g**2 + g + 91. Suppose 0 = 45*v - 403*v + 3356 + 14902. What is the remainder when q(0) is divided by v?
40
Let x = 6509 + -6191. Calculate the remainder when 1591 is divided by x.
1
Let q(o) = o**2 - 3*o + 11. Let p be q(-9). Let s = -64 + p. Suppose 0 = 6*z - 221 - s. Calculate the remainder when z is divided by 10.
6
Let r be (-6)/24 + (-2765)/(-4) + -5. Let n = r - 522. What is the remainder when n is divided by 17?
11
Suppose -32*u + 509 + 319 = 156. Calculate the remainder when 35 is divided by u.
14
Suppose 0 = f - 4*n - 18, 5*n = -5*f + 2*n + 21. Let w = f + 14. Calculate the remainder when w is divided by 8.
4
Suppose -304 = -4*k + k - 2*x, -2*x + 200 = 2*k. Let c = k - 218. Let u = c - -133. What is the remainder when 75 is divided by u?
18
Suppose -62 = -4*d + 70. What is the remainder when 18 + -4 + 420/5 is divided by d?
32
Let n be 108/27 + 0/2. What is the remainder when -1*(-1 + -2 - 16/n) is divided by 2?
1
Let i = 0 - 6. Let j(g) = g**2 + 21*g + 112. Let u be j(-11). What is the remainder when 27 is divided by 3/i*(-28)/u?
6
Suppose 0 = 3*c - 12*n + 16*n - 43, -2*c = -4*n - 2. Suppose c*j - 96 = -7*j. What is the remainder when j is divided by 5?
1
Suppose -3214 = -9*d + 2969. What is the remainder when d is divided by 69?
66
Suppose 12 = 6*s - 10*s + 7*s. Let w be (0/(-1))/(2/1). Suppose -s*a - 4*c = -2*a - 138, w = -3*a - 5*c + 206. Calculate the remainder when a is divided by 7.
4
Let z(y) = y**3 + 26*y**2 - 27*y + 4. Let f be z(-27). Suppose 12*s - 14*s + 45 = -5*j, -4 = -f*j. Calculate the remainder when 99 is divided by s.
24
Let p(n) = -9*n + 389. Calculate the remainder when 1422 is divided by p(-35).
14
Suppose 789 = 7*c - 2*t, -3 = 23*t - 26*t. What is the remainder when 737 is divided by c?
59
Suppose 3*p = 17 + 314 + 44. What is the remainder when p is divided by 94?
31
Suppose -q + 32 = 2*x, 35*x - 39*x = -2*q - 48. Suppose c + 6 = 2*c. Let i(m) = 7*m - 2. Calculate the remainder when i(c) is divided by x.
12
Let i = -10001 + 10017. Let p = 70 + 308. Suppose 5*y + 138 = p. Calculate the remainder when y is divided by i.
0
Let l(a) = 3 + 3 - 24*a - 13 + 8. Calculate the remainder when l(-5) is divided by (-105)/28 + 4 + (-123)/(-4).
28
Suppose -397*q + 759 = -374*q. Calculate the remainder when 53 is divided by q.
20
Let d = -45 - 68. Let r = 218 + d. What is the remainder when r is divided by 58?
47
Let h(m) = -7*m**2 - 71*m + 24. Let r(z) = 20*z**2 + 214*z - 73. Let y(q) = 8*h(q) + 3*r(q). What is the remainder when y(-19) is divided by 6?
5
Suppose -449 - 793 = 6*q. Let w = q - -216. Suppose -y + 6*y = 30. Calculate the remainder when w is divided by y.
3
Let m(n) = -n**2 - 232*n - 231. What is the remainder when m(-30) is divided by 54?
51
Suppose -2*x = 5*v - 1380, -41*x - 2788 = -45*x + 4*v. What is the remainder when x is divided by 28?
23
Let g = -305 - -311. Calculate the remainder when 341 is divided by 3 - (8 - 324/g).
47
Suppose -z - 2 = -4*g, 3*z - 5*g + 6 = -4*g. Let m(t) = -t**3 + 83*t**2 - 181*t + 1655. Calculate the remainder when m(81) is divided by z/(-4)*(31 + 3).
14
Let h = 7 - -6. Let f(p) = 50 + 97*p - 44*p - 56*p. What is the remainder when f(h) is divided by 6?
5
Let w = 2477 - 2439. What is the remainder when 102 is divided by w?
26
Let z(b) = -23*b + 169. Let o be 1 + 36/(-44) - 256/(-44). What is the remainder when 61 is divided by z(o)?
30
Suppose 42*w - 210 = -0. Calculate the remainder when 2034 is divided by w.
4
What is the remainder when 83 is divided by 71 + -1 + (-28)/7 + 1?
16
Suppose 81*a = 62*a + 13547. Calculate the remainder when a is divided by 45.
38
Suppose 0 = -164*w - 103*w + 2403. What is the remainder when w is divided by 2?
1
Let f = -125 + 65. Let q(c) = c**3 + 2*c**2 - 7*c + 4. Let g be q(-5). Let i = g - f. Calculate the remainder when 94 is divided by i.
22
Let s(n) = 46*n**2 - 2*n. Let o = -3951 - -3983. Calculate the remainder when s(-2) is divided by o.
28
Let q(x) = 37*x + 2090. Calculate the remainder when 116 is divided by q(-55).
6
Let m = -198 + 199. What is the remainder when (-2231)/(-138) + -1*m/6 is divided by 8?
0
Suppose -4*n + 0*x - 8 = 4*x, -5*x = 4*n + 13. Let l(q) = -2*q + 18. Let o be l(n). Suppose -2*y + 96 = o. Calculate the remainder when 122 is divided by y.
38
Suppose 57 = 3*c + 24, -15